{"id":2,"date":"2009-04-05T14:30:54","date_gmt":"2009-04-05T12:30:54","guid":{"rendered":"http:\/\/blog.kodono.info\/wordpress\/?page_id=2"},"modified":"2012-09-22T17:51:59","modified_gmt":"2012-09-22T15:51:59","slug":"about","status":"publish","type":"page","link":"https:\/\/blog.kodono.info\/wordpress\/about\/","title":{"rendered":"A Propos"},"content":{"rendered":"<p>Kodono est \u00e9crit par Aymeric, un trentenaire montpelli\u00e9rain.<\/p>\n<p>Passionn\u00e9 d&#8217;informatique, j&#8217;en ai fait mes \u00e9tudes puis mon m\u00e9tier. Aujourd&#8217;hui je veille sur le Net afin de rester au courant des derni\u00e8res actualit\u00e9s, tandis que mes exp\u00e9riences personnelles et professionnelles me font d\u00e9couvrir chaque jour de nouvelles choses tournant autour du webdesign, de la programmation, de Sharepoint, des performances, des logiciels, etc. Autant d&#8217;informations que je souhaite aujourd&#8217;hui partager avec le plus grand nombre.<\/p>\n<p>Kodono devient donc un moyen d&#8217;aide et de partage avec les internautes du monde entier pour leur faire b\u00e9n\u00e9ficier de mes d\u00e9couvertes. Je vous invite \u00e0 lire mon <a href=\"http:\/\/blog.kodono.info\/wordpress\/2009\/04\/10\/kodono\/\">tout premier billet<\/a> pour de plus amples informations.<\/p>\n<p>Pour me contacter, il suffit de m&#8217;envoyer un email \u00e0 <strong><span style=\"unicode-bidi:bidi-override; direction:rtl;\">ofni.onodok@tcatnoc<\/span><\/strong>.<\/p>\n<p>Pour \u00e9viter que des robot-spams r\u00e9cup\u00e8rent mon adresse, j&#8217;ai utilis\u00e9 une technique bas\u00e9e sur le CSS. La m\u00e9thode consiste \u00e0 utiliser les propri\u00e9t\u00e9s de style \u00ab unicode-bidi \u00bb et \u00ab direction \u00bb. On va \u00e9crire le texte \u00e0 l\u2019envers (donc les lettres de droite \u00e0 gauche) et gr\u00e2ce \u00e0 ces effets, l\u2019explorateur va afficher le texte dans le bon sens, mais dans le source, le texte est illisible par des robots.<\/p>\n<p>Exemple :<\/p>\n<div class=\"code\">\n<pre class=\"xml html\">&lt;span style=\"unicode-bidi:bidi-override; direction:rtl;\"&gt;moc.niamod@nom&lt;\/span&gt;<\/pre>\n<\/div>\n<p>donnera :<br \/>\n<code><span style=\"unicode-bidi:bidi-override; direction:rtl;\">moc.niamod@nom<\/span><\/code><\/p>\n<p>Apr\u00e8s avoir test\u00e9 cette m\u00e9thode depuis quelques ann\u00e9es, elle semble vraiment marcher.<\/p>\n<p>[Pour des soucis d&#8217;accessibilit\u00e9, voici une autre fa\u00e7on de lire mon adresse de contact : <strong>contact<\/strong> avec le domaine <strong>kodono.info<\/strong>, et le <strong>arobase (@)<\/strong> entre les deux]<\/p>\n<p>J&#8217;h\u00e9berge moi-m\u00eame ce blog sur un serveur d\u00e9di\u00e9 qui est localis\u00e9 chez <a href=\"http:\/\/www.ovh.fr\">OVH<\/a> (140 Quai du Sartel \u2013 59100 Roubaix \u2013 France).<\/p>\n<p>Si vous estimiez que le contenu de ce site vous cause quelques pr\u00e9judices que ce soient, veuillez prendre directement contact avec moi pour un <strong>traitement rapide et efficace<\/strong>.<\/p>\n<p>Enfin, et comme le rappelle parfaitement <a href=\"http:\/\/bricablog.net\/index.php\/mentions-legales\">Veuve Tarquine sur son blog<\/a>, je gage que les tr\u00e8s hypoth\u00e9tiques plaignants qui souhaiteraient obtenir la disparition d&#8217;\u00e9crits par l\u2019exercice d\u2019une demande de suppression aupr\u00e8s de l&#8217;h\u00e9bergeur selon les dispositions du petit 3 du grand I jumel\u00e9 au premier alin\u00e9a du grand IV de l\u2019article 6 pr\u00e9cit\u00e9 ne manqueront pas de porter une particuli\u00e8re attention au petit 4 du grand I du m\u00eame article qui <strong>punit d\u2019une peine d\u2019un an d\u2019emprisonnement et de 15.000 \u20ac d\u2019amende le fait, pour toute personne, de pr\u00e9senter aux personnes mentionn\u00e9es au 2 un contenu ou une activit\u00e9 comme \u00e9tant illicite dans le but d\u2019en obtenir le retrait ou d\u2019en faire cesser la diffusion, alors qu\u2019elle sait cette information inexacte<\/strong>. <\/p>\n","protected":false},"excerpt":{"rendered":"<p>Kodono est \u00e9crit par Aymeric, un trentenaire montpelli\u00e9rain. Passionn\u00e9 d&#8217;informatique, j&#8217;en ai fait mes \u00e9tudes puis mon m\u00e9tier. Aujourd&#8217;hui je veille sur le Net afin de rester au courant des derni\u00e8res actualit\u00e9s, tandis que mes exp\u00e9riences personnelles et professionnelles me font d\u00e9couvrir chaque jour de nouvelles choses tournant autour du webdesign, de la programmation, de [&hellip;]<\/p>\n","protected":false},"author":1,"featured_media":0,"parent":0,"menu_order":0,"comment_status":"open","ping_status":"open","template":"","meta":{"_coblocks_attr":"","_coblocks_dimensions":"","_coblocks_responsive_height":"","_coblocks_accordion_ie_support":"","hide_page_title":"","footnotes":""},"class_list":["post-2","page","type-page","status-publish","hentry"],"_links":{"self":[{"href":"https:\/\/blog.kodono.info\/wordpress\/wp-json\/wp\/v2\/pages\/2","targetHints":{"allow":["GET"]}}],"collection":[{"href":"https:\/\/blog.kodono.info\/wordpress\/wp-json\/wp\/v2\/pages"}],"about":[{"href":"https:\/\/blog.kodono.info\/wordpress\/wp-json\/wp\/v2\/types\/page"}],"author":[{"embeddable":true,"href":"https:\/\/blog.kodono.info\/wordpress\/wp-json\/wp\/v2\/users\/1"}],"replies":[{"embeddable":true,"href":"https:\/\/blog.kodono.info\/wordpress\/wp-json\/wp\/v2\/comments?post=2"}],"version-history":[{"count":21,"href":"https:\/\/blog.kodono.info\/wordpress\/wp-json\/wp\/v2\/pages\/2\/revisions"}],"predecessor-version":[{"id":1112,"href":"https:\/\/blog.kodono.info\/wordpress\/wp-json\/wp\/v2\/pages\/2\/revisions\/1112"}],"wp:attachment":[{"href":"https:\/\/blog.kodono.info\/wordpress\/wp-json\/wp\/v2\/media?parent=2"}],"curies":[{"name":"wp","href":"https:\/\/api.w.org\/{rel}","templated":true}]}}